- 121530 = -u*f. Is f composite?
True
Suppose -5*p - 57866 - 12224 = 0. Is p/(-8) + (-10)/40 + 2 a composite number?
True
Let u(w) be the second derivative of 1/2*w**3 + 7/3*w**4 + 0 + 11*w - 5*w**2. Is u(3) prime?
True
Suppose -67*u - 1508167 = -4613829 - 4137775. Is u composite?
True
Let p(w) = 357*w**2 + 58*w - 522. Is p(47) a prime number?
True
Let w = -78 + 90. Suppose -7*y = -20711 + w. Is y a composite number?
False
Let t(g) = 8*g - 6. Let r be t(1). Suppose r*s - 875 = -0*s + 3*n, -2*n = -2. Is s composite?
False
Let l(o) = -662*o - 98. Let f be l(-17). Suppose 0 = -154*t + 158*t - f. Is t a prime number?
True
Let s(r) = r**3 - 14*r**2 - 2*r + 20. Let h be s(14). Let q be (-18)/(-8) - 6/h. Suppose u + 2*z - 3241 = -2*u, q*u + 5*z - 3238 = 0. Is u a composite number?
True
Let f = -21085 + 63564. Is f a prime number?
False
Let f = 206 - 179. Suppose -3*a = 5*t - 222370, -30*a + f*a = -5*t + 222340. Is t prime?
False
Let t = -73859 - -138802. Is t a prime number?
False
Suppose 0 = 5*w + 5*d + 370252 - 3089587, -5*d - 2719295 = -5*w. Is w composite?
True
Let i(p) = 8*p**3 - 3*p**2 - 3*p + 1. Let r(x) = x**3 + 2*x - 1. Let d(z) = i(z) - 2*r(z). Let v be d(6). Suppose -4*q - v = -5705. Is q a prime number?
False
Is 12/(-18) + (-403100)/(-75) a composite number?
True
Suppose -12 = 4*p + 2*m, 0 = 5*p - 0*p - 4*m + 28. Suppose -3*n - 18 = -6*n, 6 = -4*q + n. Is (2 + q + p)*29530/(-20) a composite number?
False
Let r = -161 - -225. Suppose 54*v = r*v - 127910. Is v prime?
True
Suppose 4*p - 5*k = 143282, -143228 = -4*p - 21*k + 17*k. Is p a composite number?
True
Suppose 8*z = 36969 - 8505. Suppose 7357 + z = 5*q. Is q a composite number?
True
Suppose -a - 49 = -8*a. Let p(n) = n**2 - 10*n + 15. Let w be p(a). Is (-1)/(-6) - 7421/w prime?
True
Is (3469956/(-36) - 8)/((-2)/6) prime?
False
Let a be -2 - ((-5)/(-25) + 2546/(-5)). Let m = -165 - -77. Let p = m + a. Is p a composite number?
False
Let x be (-1)/((75/(-72) - -1)/1). Suppose 603 = x*j - 21*j. Is j a prime number?
False
Let u be (-12 - 30)*((-14)/6 + 0). Let k = 247 - u. Is k a composite number?
False
Let r = 564848 - 299671. Is r a composite number?
True
Suppose 4*u + 5*p - 2280326 = 0, -3*u - 8*p + 1710279 = -10*p. Is u prime?
False
Let g(l) = -l**3 - 31*l**2 - 45*l - 687. Is g(-32) a composite number?
False
Let y be ((1 + -5)*-1)/(-3 + 1). Let k(m) = -157*m**3 - 2*m**2 - 4*m - 7. Is k(y) a prime number?
True
Let s(b) = 634*b**3 + 12*b**2 - 5*b - 1. Is s(4) composite?
True
Let b be (-106)/22 + 4/(-22). Suppose 10*t - 5*i = 12*t + 26, 2*i + 17 = -3*t. Is (179/t)/(b/15) a composite number?
False
Suppose -8*d - f + 161186 = -7*d, 0 = 4*d + 10*f - 644786. Is d prime?
False
Is 85126 + -3 + 10/(-40)*8 prime?
True
Let c = 13713 - 2042. Is c prime?
False
Let c(y) = 6*y - 68. Let j be c(11). Is -4 - (1 + j) - (-12064)/16 a prime number?
True
Let c(g) = -11*g**3 + 2*g**2 + 3*g - 5. Let y = 80 - 84. Is c(y) composite?
False
Suppose 0 = 2*t + 4, -4*j + 4*t + 13 = -11. Suppose -j*o + 0*o = -1416. Is ((-555)/45)/((-2)/o) composite?
True
Let x = -249 - -252. Suppose -2334 - 5103 = -x*i. Is i prime?
False
Suppose 15*g - 350756 - 193413 - 267016 = 0. Is g a composite number?
True
Let m be 1/(72/14 + -5). Suppose 8*w - 2017 = m*w. Is w prime?
True
Suppose -23*l + 197208 + 2076089 = 0. Suppose -l = 59*o - 72*o. Is o a prime number?
True
Let g = -24 - -21. Is g*((-1208)/12 - -3) a composite number?
False
Let a = -319 + 317. Let h(m) = 137*m**2 - 6*m - 17. Is h(a) composite?
True
Let a(n) = -33*n**3 - 3*n**2 + 13*n + 32. Let h be a(-3). Let d(s) = -h*s - 395*s - 8 - 213*s. Is d(-1) a prime number?
False
Suppose -22*r + 36*r = -84314 + 936228. Is r a prime number?
False
Suppose 4*s + 2 - 14 = 0. Suppose -526 = m + 5*p + 133, s*m = -4*p - 1988. Let n = m + 1413. Is n a prime number?
False
Let l be -1*3 + 0 + 0 + 1. Let z(r) = 6 - 4 - 13*r**3 - r - 1 + 2*r**2. Is z(l) a prime number?
False
Suppose 3*a + 3*l - 1586760 = 0, 3*a = a + 3*l + 1057795. Is a a composite number?
False
Let z(l) = 95 - 289*l + 96 - 189. Let s(i) = i**2 - 8*i + 9. Let a be s(6). Is z(a) a composite number?
True
Suppose -14*v - 3*f = -12*v + 5, -4*v + 5*f + 45 = 0. Let z = 0 - -4. Suppose -q + 261 = z*w, v*q - 798 = -w + 526. Is q prime?
False
Suppose 6*g - 779781 = -3*b, 30*g + 1299680 = 5*b + 25*g. Is b a composite number?
False
Suppose 5*r - 3*r = 6. Suppose -u + 4314 = r*b, -2*u - 1 = -7. Is b a prime number?
False
Let n = 54336 - 18095. Is n a composite number?
False
Suppose 4*h - 6 = h. Let w be h - ((-1 - -3) + 0). Is 373 - 1/4*w a composite number?
False
Let a be (-60)/(-15) + (-1318)/(-2). Suppose a = i - 457. Suppose 0 = -3*o + i + 785. Is o composite?
True
Let y = 10943 - -9375. Is y/12 + ((-69)/18)/23 a composite number?
False
Let m = 20694 - 10013. Let c = m - 4472. Is c a prime number?
False
Suppose 199111 + 100847 = 3*t - 43299. Is t a prime number?
True
Let y be -1*174/(-18) + (-8)/12. Suppose 11*c - 7978 = y*c. Is c a composite number?
False
Let b = 20 - -4. Let h = -30 + b. Is ((-12942)/27)/(2/h) a prime number?
False
Let n(a) = 15 + 10 + 50*a - 1 - 5. Suppose -2*j = -0*j - 12. Is n(j) a composite number?
True
Let g(t) = -t**3 - t**2 - 3*t - 4971. Let d be g(0). Is (9/3)/((-9)/d) a composite number?
False
Is 33923*3*(-1)/(-66)*22 a prime number?
True
Is (-1988273)/(-25) - (18/150 + (-15)/75) prime?
True
Suppose -4*h - 4 + 0 = m, 4*m + 16 = 2*h. Suppose h*s = 2*s - 7270. Is s prime?
False
Let d(y) = 21761*y**2 + 62*y + 86. Is d(-4) a composite number?
True
Let o(l) = 814*l**2 - 176*l + 2675. Is o(17) a composite number?
True
Let v = 3497 + -1560. Let d = 1190 + v. Is d composite?
True
Let a(g) = 28328*g**2 - 57*g + 513. Is a(10) a prime number?
True
Let m = -61 + 67. Suppose -3*x = m*w - 4*w - 1, -31 = -5*w + 2*x. Suppose -1734 - 8531 = -w*k. Is k composite?
False
Let c(t) = 2*t**3 + 2*t - 29. Let r be c(0). Let w = r - -51. Suppose -p + 11 = -w. Is p a composite number?
True
Let d = -251 + 129. Suppose -3*n = 3*a - 2106, -157*n + 154*n = 21. Let j = d + a. Is j prime?
True
Let u = 1732 - -179. Suppose 5*b = -g + 6017 - u, -3*b + 8191 = 2*g. Is g a prime number?
True
Let g = 53038 + -21261. Is g composite?
True
Suppose 0 = -2*y + 4*v - 31532 - 52384, 0 = 3*y + 4*v + 125844. Is 2/(-12)*2 - y/9 prime?
False
Let q = 18667 - -12100. Is q a prime number?
False
Suppose 2*b = -2*t + 48, -2*t + 5*b + 69 = -0*t. Suppose 7*x - t = 1. Suppose -171 = -3*v + x*q + 128, v = q + 99. Is v a prime number?
True
Let w be (-1)/((-4)/(-86650)) - (-4)/8. Let l = 30732 + w. Suppose -u - u = -l. Is u prime?
False
Let n(w) = w**3 + 16*w**2 + 3. Let k be n(-16). Suppose 792 = k*f + 6*f. Suppose 0 = -4*p + f + 12252. Is p a composite number?
True
Suppose 31*m - 36 + 5 = 0. Is (1/(-2))/(m/(-1814)) prime?
True
Suppose -2*x = 138 - 978. Suppose -5*f + x = -5*d, -75 = -f - 0*d + 4*d. Is f a prime number?
False
Suppose 0 = 5*s - 25, -2*s + 23480 = 5*i - 3*s. Suppose -8*r + 7583 = -i. Is r composite?
True
Let p(m) = 56*m - 2. Let r be p(-4). Let d = r + 1110. Let x = d - 175. Is x prime?
True
Let v be 1 - 2*17443 - 93/93. Let g = -17827 - v. Is g a composite number?
True
Suppose -4*b + 4*u + 300 = 0, -2*b + 42 = 2*u - 88. Suppose -30 = 2*g - 3*q, -5*g + 4*q - b = -q. Is ((-4)/(g/2391))/(2 + -1) a prime number?
True
Is -15 - (-139815 + 2 - 9) composite?
True
Let q = -298 + 301. Suppose 7*y = 4*k + 5*y - 74808, q*y = 4*k - 74810. Is k a composite number?
False
Let a = 98 + -97. Let o be 0 + -4 - -2672*a. Suppose 1581 = p - o. Is p composite?
True
Suppose -15 - 1 = -4*c. Suppose 3*j = 11*j + 424. Let l = c - j. Is l composite?
True
Let x(o) = 13*o**2 + 3*o - 25. Let j be x(6). Let u = j + -295. Is u prime?
False
Suppose 4*o - 185476 = -6*l + l, 5*o - 231845 = -l. Is o composite?
True
Let j be 1898/(-8) - 2/(-8). Suppose 56*s - 42155 = -11019. Let p = s + j. Is p a composite number?
True
Let m(s) = 3207*s - 34. Suppose -37 = -9*d - 10. Is m(d) a composite number?
False
Let p(l) = -9*l**2 + 10*l**2 + 23*l + 74 + 10*l**2 - 4*l**2 + 21*l**2. Is p(-15) a composite number?
False
Let f be (76/16)/(2/8). Let q = f + -17. Suppose -717 = -d - q*d. Is d composite?
False
Let w = 6259 + -3397. Let a = 199 + w. Is a composite?
False
Let v(h) = 4*h**2 - 5*h - 5. Let